{"id":32,"date":"2018-08-20T12:50:04","date_gmt":"2018-08-20T10:50:04","guid":{"rendered":"https:\/\/fpedas.uniza.sk\/~hmi-lab\/?page_id=32"},"modified":"2019-10-07T15:14:39","modified_gmt":"2019-10-07T13:14:39","slug":"realizovane-projekty","status":"publish","type":"page","link":"http:\/\/fpedas.uniza.sk\/~hmi-lab\/realizovane-projekty\/","title":{"rendered":"Realizovan\u00e9 projekty"},"content":{"rendered":"<p><strong>V r\u00e1mci laborat\u00f3ria sme realizovali nasledovn\u00e9 v\u00fdskumn\u00e9 projekty:<\/strong><\/p>\n<ul>\n<li>Vplyv vizu\u00e1lneho smogu na vodi\u010da<\/li>\n<li>Pasportiz\u00e1cia dopravn\u00fdch zna\u010den\u00ed a vizu\u00e1lneho smogu na vybranej komunik\u00e1cii<\/li>\n<li>Vidite\u013enos\u0165 dopravn\u00fdch zna\u010den\u00ed na cestnej komunik\u00e1cii po\u010das d\u0148a a v noci<\/li>\n<li>Kompar\u00e1cia eyetracking meran\u00ed v re\u00e1lnych a laborat\u00f3rnych podmienkach<\/li>\n<li>Testovanie jazdy vodi\u010da v simul\u00e1toroch (zdie\u013eanie sk\u00fasenost\u00ed)<\/li>\n<li>Zdie\u013eanie znalost\u00ed ru\u0161\u0148ovodi\u010da pre jazde v re\u00e1lnom prostred\u00ed<\/li>\n<li>Testovanie emailovej reklamy<\/li>\n<li>A\/B testovanie reklamy na internete<\/li>\n<li>Testovanie pohybu z\u00e1kazn\u00edka v e-shope<\/li>\n<li>Testovanie pilota v leteckom simul\u00e1tore<\/li>\n<li>Testovanie jazdcov v rallly simul\u00e1tore<\/li>\n<li>V\u00fdskum reakci\u00ed vodi\u010da na spr\u00e1vanie sa chodcov v re\u00e1lnej prem\u00e1vke<\/li>\n<\/ul>\n<p><strong>Publikovan\u00e9 pr\u00e1ce (evidovan\u00e9 v datab\u00e1ze WOS):<\/strong><\/p>\n<p><strong><a href=\"http:\/\/apps.webofknowledge.com\/full_record.do?product=WOS&amp;search_mode=GeneralSearch&amp;qid=1&amp;SID=D6PPgkHYumxjDkssn4I&amp;page=2&amp;doc=15\" target=\"_blank\" rel=\"noopener noreferrer\">THE RESEARCH OF DRIVER&#8217;S GAZE AT THE TRAFFIC SIGNS<\/a><br \/>\n<\/strong>By:\u00a0Hudak, Martin; Madlenak, Radovan<br \/>\nConference:\u00a0CBU International Conference on Innovations in Science and Education (CBUIC)\u00a0Location:\u00a0Prague, CZECH REPUBLIC\u00a0Date:\u00a0MAR 23-25, 2016, Pages:\u00a0896-899<\/p>\n<p><strong><a href=\"http:\/\/apps.webofknowledge.com\/full_record.do?product=WOS&amp;search_mode=GeneralSearch&amp;qid=1&amp;SID=D6PPgkHYumxjDkssn4I&amp;page=2&amp;doc=17\" target=\"_blank\" rel=\"noopener noreferrer\">The Research of Visual Pollution of Road Infrastructure in Slovakia<\/a><br \/>\n<\/strong>By:\u00a0Madlenak, Radovan; Hudak, Martin<br \/>\nConference:\u00a016th International Conference on Transport Systems Telematics (TST)\u00a0Location:\u00a0Katowice Ustron, POLAND, Date:\u00a0MAR 16-19, 2016, Volume:\u00a0640, Pages:\u00a0415-425<\/p>\n<p><strong><a href=\"http:\/\/apps.webofknowledge.com\/full_record.do?product=WOS&amp;search_mode=GeneralSearch&amp;qid=1&amp;SID=D6PPgkHYumxjDkssn4I&amp;page=2&amp;doc=18\" target=\"_blank\" rel=\"noopener noreferrer\">Analysis of Roadside Advertisements on Selected Road Stretch in Zilina<\/a><br \/>\n<\/strong>By: Madlenak, Radovan; Hudak, Martin<br \/>\nConference:\u00a020th International Scientific Conference on Transport Means\u00a0Location:\u00a0Juodkrante, LITHUANIA\u00a0Date:\u00a0OCT 05-07, 2016, Pages:\u00a0618-621<\/p>\n<p><strong><a href=\"http:\/\/apps.webofknowledge.com\/full_record.do?product=WOS&amp;search_mode=GeneralSearch&amp;qid=1&amp;SID=D6PPgkHYumxjDkssn4I&amp;page=2&amp;doc=20\" target=\"_blank\" rel=\"noopener noreferrer\">ADVERTISING EMAILS OPTIMISATION BY EYTRACKING TECHNOLOGY<\/a><br \/>\n<\/strong>By:\u00a0Madlenak, Radovan; Kianickova, Eva<br \/>\nConference:\u00a0International Scientific Conference on Marketing Identity 2016: Brands We Love\u00a0Location:\u00a0Slovak Acad Sci, Smolenice, SLOVAKIA\u00a0Date:\u00a0NOV 08-09, 2016, Pages:\u00a0186-194<\/p>\n<p><strong><a href=\"http:\/\/apps.webofknowledge.com\/full_record.do?product=WOS&amp;search_mode=GeneralSearch&amp;qid=1&amp;SID=D6PPgkHYumxjDkssn4I&amp;page=3&amp;doc=22\" target=\"_blank\" rel=\"noopener noreferrer\">The Research of Driver Distraction by Visual Smog on Selected Road Stretch in Slovakia<\/a><br \/>\n<\/strong>By:\u00a0Hudak, Martin; Madlenak, Radovan<br \/>\nConference:\u00a016th International Scientific Conference on Reliability and Statistics in Transportation and Communication (RelStat)\u00a0Location:\u00a0Transport &amp; Telecommunicat Inst, Riga, LATVIA\u00a0Date:\u00a0OCT 19-22, 2016, Book Series:\u00a0Procedia Engineering, Volume:\u00a0178\u00a0\u00a0\u00a0Pages:\u00a0472-479<\/p>\n<p><strong><a href=\"http:\/\/apps.webofknowledge.com\/full_record.do?product=WOS&amp;search_mode=GeneralSearch&amp;qid=1&amp;SID=D6PPgkHYumxjDkssn4I&amp;page=3&amp;doc=24\" target=\"_blank\" rel=\"noopener noreferrer\">The importance of e-mail marketing in e-commerce<\/a><br \/>\n<\/strong>By:\u00a0Hudak, Martin; Kianickova, Eva; Madlenak, Radovan<br \/>\nConference:\u00a012th International Scientific Conference of Young Scientists on Sustainable, Modern and Safe TransportLocation:\u00a0High Tatras, SLOVAKIA\u00a0Date:\u00a0MAY 31-JUN 02, 2017, Book Series:\u00a0Procedia Engineering\u00a0\u00a0\u00a0Volume:\u00a0192\u00a0\u00a0\u00a0Pages:\u00a0342-347<\/p>\n<p><strong><a href=\"http:\/\/apps.webofknowledge.com\/full_record.do?product=WOS&amp;search_mode=GeneralSearch&amp;qid=1&amp;SID=D6PPgkHYumxjDkssn4I&amp;page=3&amp;doc=29\" target=\"_blank\" rel=\"noopener noreferrer\">THE IMPACT OF ADVERTISEMENT ON CONSUMER&#8217;S PERCEPTION<\/a><br \/>\n<\/strong>By:\u00a0Hudak, Martin; Madlenak, Radovan; Brezaniova, Veronika<br \/>\nConference:\u00a0International Conference of Central-Bohemia-University (CBUIC) &#8211; Innovations in Science and EducationLocation:\u00a0Prague, CZECH REPUBLIC\u00a0Date:\u00a0MAR 22-24, 2017, Pages:\u00a0187-19<\/p>\n<p><strong><a href=\"http:\/\/apps.webofknowledge.com\/full_record.do?product=WOS&amp;search_mode=GeneralSearch&amp;qid=1&amp;SID=D6PPgkHYumxjDkssn4I&amp;page=4&amp;doc=33\" target=\"_blank\" rel=\"noopener noreferrer\">THE ANALYSIS OF THE TRAFFIC SIGNS VISIBILITY DURING NIGHT DRIVING<\/a><br \/>\n<\/strong>By:\u00a0Madlenak, Radovan; Hostakova, Dominika; Madlenakova, Lucia; et al.<br \/>\nADVANCES IN SCIENCE AND TECHNOLOGY-RESEARCH JOURNAL\u00a0\u00a0\u00a0Volume:\u00a012\u00a0\u00a0\u00a0Issue:\u00a02\u00a0\u00a0\u00a0Pages:\u00a071-76\u00a0\u00a0\u00a0Published:\u00a0JUN 2018<\/p>\n","protected":false},"excerpt":{"rendered":"<p>V r\u00e1mci laborat\u00f3ria sme realizovali nasledovn\u00e9 v\u00fdskumn\u00e9 projekty: Vplyv vizu\u00e1lneho smogu na vodi\u010da Pasportiz\u00e1cia dopravn\u00fdch zna\u010den\u00ed a vizu\u00e1lneho smogu na vybranej komunik\u00e1cii Vidite\u013enos\u0165 dopravn\u00fdch zna\u010den\u00ed na cestnej komunik\u00e1cii po\u010das d\u0148a a v noci Kompar\u00e1cia eyetracking meran\u00ed v re\u00e1lnych a laborat\u00f3rnych&hellip;<\/p>\n","protected":false},"author":1,"featured_media":0,"parent":0,"menu_order":0,"comment_status":"closed","ping_status":"closed","template":"","meta":{"_exactmetrics_skip_tracking":false,"_exactmetrics_sitenote_active":false,"_exactmetrics_sitenote_note":"","_exactmetrics_sitenote_category":0,"footnotes":""},"class_list":["post-32","page","type-page","status-publish","hentry"],"yoast_head":"<!-- This site is optimized with the Yoast SEO plugin v22.9 - https:\/\/yoast.com\/wordpress\/plugins\/seo\/ -->\n<title>Realizovan\u00e9 projekty - HMI lab<\/title>\n<meta name=\"robots\" content=\"index, follow, max-snippet:-1, max-image-preview:large, max-video-preview:-1\" \/>\n<link rel=\"canonical\" href=\"https:\/\/fpedas.uniza.sk\/~hmi-lab\/realizovane-projekty\/\" class=\"yoast-seo-meta-tag\" \/>\n<meta property=\"og:locale\" content=\"sk_SK\" class=\"yoast-seo-meta-tag\" \/>\n<meta property=\"og:type\" content=\"article\" class=\"yoast-seo-meta-tag\" \/>\n<meta property=\"og:title\" content=\"Realizovan\u00e9 projekty - HMI lab\" class=\"yoast-seo-meta-tag\" \/>\n<meta property=\"og:description\" content=\"V r\u00e1mci laborat\u00f3ria sme realizovali nasledovn\u00e9 v\u00fdskumn\u00e9 projekty: Vplyv vizu\u00e1lneho smogu na vodi\u010da Pasportiz\u00e1cia dopravn\u00fdch zna\u010den\u00ed a vizu\u00e1lneho smogu na vybranej komunik\u00e1cii Vidite\u013enos\u0165 dopravn\u00fdch zna\u010den\u00ed na cestnej komunik\u00e1cii po\u010das d\u0148a a v noci Kompar\u00e1cia eyetracking meran\u00ed v re\u00e1lnych a laborat\u00f3rnych&hellip;\" class=\"yoast-seo-meta-tag\" \/>\n<meta property=\"og:url\" content=\"https:\/\/fpedas.uniza.sk\/~hmi-lab\/realizovane-projekty\/\" class=\"yoast-seo-meta-tag\" \/>\n<meta property=\"og:site_name\" content=\"HMI lab\" class=\"yoast-seo-meta-tag\" \/>\n<meta property=\"article:modified_time\" content=\"2019-10-07T13:14:39+00:00\" class=\"yoast-seo-meta-tag\" \/>\n<meta name=\"twitter:card\" content=\"summary_large_image\" class=\"yoast-seo-meta-tag\" \/>\n<meta name=\"twitter:label1\" content=\"Predpokladan\u00fd \u010das \u010d\u00edtania\" class=\"yoast-seo-meta-tag\" \/>\n\t<meta name=\"twitter:data1\" content=\"2 min\u00faty\" class=\"yoast-seo-meta-tag\" \/>\n<script type=\"application\/ld+json\" class=\"yoast-schema-graph\">{\"@context\":\"https:\/\/schema.org\",\"@graph\":[{\"@type\":\"WebPage\",\"@id\":\"https:\/\/fpedas.uniza.sk\/~hmi-lab\/realizovane-projekty\/\",\"url\":\"https:\/\/fpedas.uniza.sk\/~hmi-lab\/realizovane-projekty\/\",\"name\":\"Realizovan\u00e9 projekty - HMI lab\",\"isPartOf\":{\"@id\":\"https:\/\/fpedas.uniza.sk\/~hmi-lab\/#website\"},\"datePublished\":\"2018-08-20T10:50:04+00:00\",\"dateModified\":\"2019-10-07T13:14:39+00:00\",\"breadcrumb\":{\"@id\":\"https:\/\/fpedas.uniza.sk\/~hmi-lab\/realizovane-projekty\/#breadcrumb\"},\"inLanguage\":\"sk-SK\",\"potentialAction\":[{\"@type\":\"ReadAction\",\"target\":[\"https:\/\/fpedas.uniza.sk\/~hmi-lab\/realizovane-projekty\/\"]}]},{\"@type\":\"BreadcrumbList\",\"@id\":\"https:\/\/fpedas.uniza.sk\/~hmi-lab\/realizovane-projekty\/#breadcrumb\",\"itemListElement\":[{\"@type\":\"ListItem\",\"position\":1,\"name\":\"Home\",\"item\":\"https:\/\/fpedas.uniza.sk\/~hmi-lab\/\"},{\"@type\":\"ListItem\",\"position\":2,\"name\":\"Realizovan\u00e9 projekty\"}]},{\"@type\":\"WebSite\",\"@id\":\"https:\/\/fpedas.uniza.sk\/~hmi-lab\/#website\",\"url\":\"https:\/\/fpedas.uniza.sk\/~hmi-lab\/\",\"name\":\"HMI lab\",\"description\":\"Human-Machine Interaction\",\"potentialAction\":[{\"@type\":\"SearchAction\",\"target\":{\"@type\":\"EntryPoint\",\"urlTemplate\":\"https:\/\/fpedas.uniza.sk\/~hmi-lab\/?s={search_term_string}\"},\"query-input\":\"required name=search_term_string\"}],\"inLanguage\":\"sk-SK\"}]}<\/script>\n<!-- \/ Yoast SEO plugin. -->","yoast_head_json":{"title":"Realizovan\u00e9 projekty - HMI lab","robots":{"index":"index","follow":"follow","max-snippet":"max-snippet:-1","max-image-preview":"max-image-preview:large","max-video-preview":"max-video-preview:-1"},"canonical":"https:\/\/fpedas.uniza.sk\/~hmi-lab\/realizovane-projekty\/","og_locale":"sk_SK","og_type":"article","og_title":"Realizovan\u00e9 projekty - HMI lab","og_description":"V r\u00e1mci laborat\u00f3ria sme realizovali nasledovn\u00e9 v\u00fdskumn\u00e9 projekty: Vplyv vizu\u00e1lneho smogu na vodi\u010da Pasportiz\u00e1cia dopravn\u00fdch zna\u010den\u00ed a vizu\u00e1lneho smogu na vybranej komunik\u00e1cii Vidite\u013enos\u0165 dopravn\u00fdch zna\u010den\u00ed na cestnej komunik\u00e1cii po\u010das d\u0148a a v noci Kompar\u00e1cia eyetracking meran\u00ed v re\u00e1lnych a laborat\u00f3rnych&hellip;","og_url":"https:\/\/fpedas.uniza.sk\/~hmi-lab\/realizovane-projekty\/","og_site_name":"HMI lab","article_modified_time":"2019-10-07T13:14:39+00:00","twitter_card":"summary_large_image","twitter_misc":{"Predpokladan\u00fd \u010das \u010d\u00edtania":"2 min\u00faty"},"schema":{"@context":"https:\/\/schema.org","@graph":[{"@type":"WebPage","@id":"https:\/\/fpedas.uniza.sk\/~hmi-lab\/realizovane-projekty\/","url":"https:\/\/fpedas.uniza.sk\/~hmi-lab\/realizovane-projekty\/","name":"Realizovan\u00e9 projekty - HMI lab","isPartOf":{"@id":"https:\/\/fpedas.uniza.sk\/~hmi-lab\/#website"},"datePublished":"2018-08-20T10:50:04+00:00","dateModified":"2019-10-07T13:14:39+00:00","breadcrumb":{"@id":"https:\/\/fpedas.uniza.sk\/~hmi-lab\/realizovane-projekty\/#breadcrumb"},"inLanguage":"sk-SK","potentialAction":[{"@type":"ReadAction","target":["https:\/\/fpedas.uniza.sk\/~hmi-lab\/realizovane-projekty\/"]}]},{"@type":"BreadcrumbList","@id":"https:\/\/fpedas.uniza.sk\/~hmi-lab\/realizovane-projekty\/#breadcrumb","itemListElement":[{"@type":"ListItem","position":1,"name":"Home","item":"https:\/\/fpedas.uniza.sk\/~hmi-lab\/"},{"@type":"ListItem","position":2,"name":"Realizovan\u00e9 projekty"}]},{"@type":"WebSite","@id":"https:\/\/fpedas.uniza.sk\/~hmi-lab\/#website","url":"https:\/\/fpedas.uniza.sk\/~hmi-lab\/","name":"HMI lab","description":"Human-Machine Interaction","potentialAction":[{"@type":"SearchAction","target":{"@type":"EntryPoint","urlTemplate":"https:\/\/fpedas.uniza.sk\/~hmi-lab\/?s={search_term_string}"},"query-input":"required name=search_term_string"}],"inLanguage":"sk-SK"}]}},"_links":{"self":[{"href":"http:\/\/fpedas.uniza.sk\/~hmi-lab\/wp-json\/wp\/v2\/pages\/32","targetHints":{"allow":["GET"]}}],"collection":[{"href":"http:\/\/fpedas.uniza.sk\/~hmi-lab\/wp-json\/wp\/v2\/pages"}],"about":[{"href":"http:\/\/fpedas.uniza.sk\/~hmi-lab\/wp-json\/wp\/v2\/types\/page"}],"author":[{"embeddable":true,"href":"http:\/\/fpedas.uniza.sk\/~hmi-lab\/wp-json\/wp\/v2\/users\/1"}],"replies":[{"embeddable":true,"href":"http:\/\/fpedas.uniza.sk\/~hmi-lab\/wp-json\/wp\/v2\/comments?post=32"}],"version-history":[{"count":9,"href":"http:\/\/fpedas.uniza.sk\/~hmi-lab\/wp-json\/wp\/v2\/pages\/32\/revisions"}],"predecessor-version":[{"id":229,"href":"http:\/\/fpedas.uniza.sk\/~hmi-lab\/wp-json\/wp\/v2\/pages\/32\/revisions\/229"}],"wp:attachment":[{"href":"http:\/\/fpedas.uniza.sk\/~hmi-lab\/wp-json\/wp\/v2\/media?parent=32"}],"curies":[{"name":"wp","href":"https:\/\/api.w.org\/{rel}","templated":true}]}}